) = f + 3. Let b be x(-5). What is the units digit of d(b)?
6
What is the hundreds digit of 2 + (-1 - -131) + -3?
1
Let f = 8 - 7. Suppose 2*u - 15 = 5*t, u = -4*t + 4 - 3. Suppose 4*r - u*p + 11 = 0, 4*r - f + 0 = p. What is the units digit of r?
1
Suppose -2*n + 3*f + 11 = -n, -4*n = f + 8. Let q(j) = -43*j + 2. What is the units digit of q(n)?
5
Suppose a - 1 = 5. Suppose 5*n - 2 = a*n. What is the units digit of -5 + 8 + n/(-2)?
4
Let d be 99/21 - (-2)/7. Let k = 7 + d. What is the tens digit of (-40)/k*(-1 + -2)?
1
Let q be 1 + -8 - (5 - 7). Let l = 0 - q. What is the units digit of l?
5
Let a = 119 - 68. What is the units digit of a?
1
Suppose 3*n - 58 = -8*s + 3*s, 0 = -s - 4. What is the units digit of 2/(2*2/n)?
3
Let c(d) = 5*d**2 + 5*d + 4. Let i(t) = -5*t**2 - 6*t - 5. Let u(o) = 4*c(o) + 3*i(o). Let h be u(3). Let p = h + -36. What is the units digit of p?
6
Let k = 316 - 908. What is the units digit of k/(-24) + (-4)/6?
4
Let d be (0/2 - -7)/(-1). Let t = -17 - -16. Let y = t - d. What is the units digit of y?
6
Let w(r) = -2*r + 1. Let t(u) = -u. Let c(v) = -3*t(v) + 2*w(v). Let h be c(7). Let o = 12 + h. What is the units digit of o?
7
Suppose 2*g = -2*g + 4. Let t be g - (3 + 0 - 6). What is the units digit of t/10 + 186/10?
9
Let z be (3/2)/((-3)/(-4)). Suppose 0*h + z*h - 16 = 0. Suppose 20 = 4*m + h. What is the units digit of m?
3
Let g(u) = u**3 - 10*u**2 + 4*u - 3. What is the tens digit of g(10)?
3
Suppose 0 = -2*s - 2*s + 260. What is the units digit of s?
5
Let o(t) be the third derivative of 1/20*t**5 + 1/6*t**3 - 1/12*t**4 + 0 + 0*t - 2*t**2. What is the units digit of o(1)?
2
Let i = 2 - -35. What is the tens digit of i?
3
Let j(p) = -3*p + 1. Let l be j(1). What is the units digit of 2*1/l*-7?
7
Suppose 244 = 4*f - 240. What is the hundreds digit of f?
1
Let q(t) = t**2 - t + 3. Let b = 0 - -1. Let x be (3/(-3))/1 + b. What is the units digit of q(x)?
3
Let j be 9/6*(-8)/6. Let n be 9 + 2/j + 0. Suppose y - n = -y. What is the units digit of y?
4
Let i(s) = 4*s**3 - 41*s**2 - 9*s - 4. Let x(z) = z**3 - 10*z**2 - 2*z - 1. Let a(m) = 2*i(m) - 9*x(m). What is the units digit of a(8)?
1
Let m(p) = p + 16. Let a(y) = 7*y + 1. Let n be a(2). Suppose -5*s - 5*d - 6 = 4, -3*d + n = 0. What is the units digit of m(s)?
9
Let f be 6*-4*9/(-24). Let p(n) = -n**3 + 8*n**2 + 10*n + 2. What is the units digit of p(f)?
1
Let g = 1 + -1. Suppose 4*m = -0*m + 8. Suppose -b - 11 = -3*p + 8, g = -5*p - m*b + 17. What is the units digit of p?
5
Let s be (-4)/(-10) + (-6)/(-10). What is the units digit of 64/(-4)*s/(-2)?
8
Let m = -3 + 5. What is the units digit of (m - (2 + 0)) + 1?
1
Let d be (0 - 6)*5/(-10). Suppose -d*c + 150 = -5*c. What is the units digit of c/(-11) - 2/(-11)?
7
Let c = 111 + -61. Let u = 6 + c. Suppose 16 = -5*l + u. What is the units digit of l?
8
Let v be 0 + (0 + 4)*1. Let f(b) = -b**3 + 3*b**2 + 6*b - 4. What is the units digit of f(v)?
4
Let w = -7 - 3. Suppose -3*c + 8*c = 60. What is the units digit of (c/w)/(10/(-25))?
3
What is the units digit of ((-88)/(-10))/((-10)/(-25))?
2
Let u(h) = h - 2. Let o be u(8). Let a(x) = 5*x - 6. Let t be a(o). Suppose 0 = 2*c + 2*n - t, 0 = -0*n - 4*n + 8. What is the units digit of c?
0
Suppose 0 = 3*v - 6*s + 2*s + 11, 0 = 4*v + 4*s - 32. Let x = 3 - 3. Suppose 0 = b + v*d + 1 - 5, -4*d - 4 = x. What is the units digit of b?
7
Let n(d) = d + 10. Let x be n(-10). Suppose -q = -x*q - 5*p - 23, 4*q + 5*p - 17 = 0. What is the units digit of (-6)/q - 108/(-16)?
6
Suppose 0 = -4*z + 5*k + 18, 4*z + 4*k = -0*z. What is the units digit of -1 + 5 - (-4)/z?
6
Let b = -32 + 21. Let f = -15 - b. Let r = 5 + f. What is the units digit of r?
1
Let z be (0/(1 - -1))/1. Suppose 5*j + 0*j - 45 = z. What is the units digit of j?
9
What is the hundreds digit of 0 - (10 - 8)/(2/(-317))?
3
Let x(t) = -8*t - 1. Let m be x(-4). Let l = 66 - m. What is the tens digit of l?
3
Suppose 3*t = -0*t + 72. What is the units digit of (-20)/110 + t/11?
2
Suppose 0 = -0*x - 5*x, 0 = 5*m + 4*x - 125. What is the units digit of m?
5
What is the hundreds digit of 744/(-10)*70/(-28)?
1
Let c(m) = -6*m**3 + 9*m + 10. Let f(a) = -a**3 + a**2. Let b(r) = c(r) - 5*f(r). What is the units digit of b(-7)?
5
Let b(h) = -4*h - 3. Let y be b(-8). What is the tens digit of y + ((-1)/1 - -2)?
3
Let b = -120 + 212. What is the units digit of b?
2
Let m be 0 + 1 - (5 + -4). Suppose -h + 3 = -m. Suppose -2*t - h = -r - 3*t, 5*r = 3*t + 55. What is the units digit of r?
8
Let w = -152 + 285. What is the hundreds digit of w?
1
Let s(g) = -g**3 + 2*g**2 + 3*g + 2. Let j be s(3). Let m = 20 - j. What is the tens digit of m?
1
What is the tens digit of 0*2/(-8) + 90?
9
Let v(h) = -2*h**3 - 2*h**2 + 3*h - 2. Let z = 10 + -13. What is the units digit of v(z)?
5
Let y(r) = r - 3. Let q be y(5). Suppose 5*i - 8 - q = 0. Suppose 3*v + i*v = 70. What is the units digit of v?
4
Suppose -4*z = -z - 24. What is the units digit of z?
8
Suppose -m + 0*m = -3. Let c = m + -1. Suppose 5*s - 48 = -4*h, 4*h + c*s - 15 = 3*h. What is the units digit of h?
7
Let f(m) = m**3 + 3*m**2 - 6*m - 3. Let g be f(-4). Let l(q) = q**3 + 7*q**2 + 1. Let k be l(-7). Let r = g - k. What is the units digit of r?
4
Let h(y) = 26*y**2 + 4*y - 11. What is the tens digit of h(2)?
0
Let i = -12 - -14. Suppose 0*x = -i*x - l + 50, -5*x + 99 = -4*l. What is the tens digit of x?
2
Let l be -2*(10/(-2) + 3). Suppose 3*t - 2*y = 91, -2*t + y = l*y - 65. What is the units digit of t?
1
Suppose 2*z + 39 = 5*z. What is the units digit of z?
3
Let q(w) = 47*w - 34. What is the units digit of q(3)?
7
Let b = 8 + 2. Let n(z) = -z + 13. What is the units digit of n(b)?
3
Suppose 0 = -5*c - 2*p + 4, 4*p + 9 + 3 = 0. Suppose 3*o = c*o + 1. What is the units digit of o?
1
Let b(h) = 2*h**2 + 5*h + 3. Suppose 4*u + 14 = 2*u - 3*x, 2*u = 2*x - 4. What is the units digit of b(u)?
5
Let c(u) be the first derivative of 2*u**3/3 + 2*u**2 - 4*u + 1. Suppose -36 + 44 = -2*q. What is the units digit of c(q)?
2
Let i be 1 - 0 - -10 - 1. Let c = -1 - 3. Let b = c + i. What is the units digit of b?
6
Suppose 3 + 9 = 2*q. Suppose -2*i - 3*a + 7*a - q = 0, -29 = -2*i - 3*a. Let m = 11 - i. What is the units digit of m?
4
Suppose 2*o + 19 = 3*o. What is the units digit of o?
9
Let q(i) = -2*i**3 - 2*i**2 + 4. What is the units digit of q(-3)?
0
Let x(q) = -3*q**2 + 2*q. Let s be 3 + (-3)/(-6)*-2. Let l be x(s). What is the units digit of (l/10)/(2/(-5))?
2
Suppose 4*x - 2*y = 494, -5*x - 360 + 970 = -5*y. Suppose g - 39 = 3*o, -o = -3*g - 2*g + x. Suppose 0 = -0*c + 3*c - g. What is the units digit of c?
8
Suppose 11 = 3*z - 10. Let r(n) = n**2 - 6*n - 3. Let f be r(z). Let b(c) = c**2 - 4*c + 5. What is the units digit of b(f)?
5
Suppose 0*j = -2*j + 70. What is the units digit of j?
5
Suppose -3*j = -2*p - 352, -5*j - 4*p = -p - 574. What is the hundreds digit of j?
1
What is the units digit of 18/(-27)*(-27)/2?
9
Suppose 2*l = 2*o + 18, -3*o + l = 4*l + 15. Let a(i) = -i**3 - 6*i**2 + 11*i + 6. Let t be a(o). What is the units digit of t/(-2) - (1 + -3)?
3
Suppose -35 = -5*j - y - 4*y, 0 = j - y + 1. Suppose j*h - 27 + 9 = 0. What is the units digit of h?
6
Let k(j) = j**3 + 5*j**2 + 4*j + 1. Let w be k(-3). Let r(d) = 7*d - 9. What is the tens digit of r(w)?
4
Let k(l) = -l**3 + 8*l**2 + 10*l - 1. Suppose 3*p = 24 + 3. What is the units digit of k(p)?
8
Suppose 7*l + 6 = 8*l. Suppose -5*a + 0*a - 3*z = -22, 29 = 5*a - 4*z. Let m = l - a. What is the units digit of m?
1
Let k = -9 - -12. Let g(o) = 3*o - 6. What is the units digit of g(k)?
3
Let t = 115 + -66. What is the tens digit of t?
4
Suppose 3*x + 4 = 37. What is the units digit of x?
1
Let n be 4/(-2) + 6 + -2. Suppose 39 = n*z - 13. What is the tens digit of z?
2
Let x(t) = -8*t + 8. What is the tens digit of x(-5)?
4
Let w(r) = -r**2 - 6*r - 1. Let v be w(-5). Let n be v/10 - (-96)/(-15). Let t = -4 - n. What is the units digit of t?
2
Let z be 20/30 - 172/6. Let q = z - -39. What is the units digit of q?
1
Let b(m) = m**3 + 15*m**2 - m - 8. What is the hundreds digit of b(-14)?
2
Suppose 81 = 3*p - 4*n, -4*n = 4*p - 2*n - 130. Suppose q - 2*l - p = -0*q, 5*l = -15. What is the tens digit of q?
2
Let v be 3*4/(-6) + 2. 